{"id":675,"date":"2024-08-22T03:43:57","date_gmt":"2024-08-22T03:43:57","guid":{"rendered":"https:\/\/constelacionesfamiliaresla.com\/site\/?page_id=675"},"modified":"2025-01-31T01:46:25","modified_gmt":"2025-01-31T01:46:25","slug":"familiares","status":"publish","type":"page","link":"https:\/\/constelacionesfamiliaresla.com\/site\/familiares\/","title":{"rendered":"Familiares"},"content":{"rendered":"\t\t<div data-elementor-type=\"wp-page\" data-elementor-id=\"675\" class=\"elementor elementor-675\" data-elementor-post-type=\"page\">\n\t\t\t\t\t\t<section class=\"elementor-section elementor-top-section elementor-element elementor-element-3464cfe elementor-section-boxed elementor-section-height-default elementor-section-height-default\" data-id=\"3464cfe\" data-element_type=\"section\" data-e-type=\"section\">\n\t\t\t\t\t\t<div class=\"elementor-container elementor-column-gap-default\">\n\t\t\t\t\t<div class=\"aux-parallax-section elementor-column elementor-col-50 elementor-top-column elementor-element elementor-element-91cf2b4\" data-id=\"91cf2b4\" data-element_type=\"column\" data-e-type=\"column\">\n\t\t\t<div class=\"elementor-widget-wrap elementor-element-populated\">\n\t\t\t\t\t\t<div class=\"elementor-element elementor-element-f96dd33 elementor-widget elementor-widget-heading\" data-id=\"f96dd33\" data-element_type=\"widget\" data-e-type=\"widget\" data-widget_type=\"heading.default\">\n\t\t\t\t<div class=\"elementor-widget-container\">\n\t\t\t\t\t<h2 class=\"elementor-heading-title elementor-size-default\">Constelaciones Grupales<\/h2>\t\t\t\t<\/div>\n\t\t\t\t<\/div>\n\t\t\t\t<div class=\"elementor-element elementor-element-c5e6812 elementor-widget elementor-widget-text-editor\" data-id=\"c5e6812\" data-element_type=\"widget\" data-e-type=\"widget\" data-widget_type=\"text-editor.default\">\n\t\t\t\t<div class=\"elementor-widget-container\">\n\t\t\t\t\t\t\t\t\t<p><strong>\u00bfQu\u00e9 son las Constelaciones Familiares?<\/strong><\/p><p>Son una herramienta que revela tu relaci\u00f3n con tu sistema familiar. A trav\u00e9s del movimiento de la energ\u00eda del sistema (representado por participantes voluntarios) en conexi\u00f3n con algo m\u00e1s grande, se obtienen evidencias de las relaciones e intrincaciones que mantienes con tu familia y que son la causa de conflictos. Ese movimiento que gu\u00eda la constelaci\u00f3n est\u00e1 dirigida por el movimiento del esp\u00edritu, que mostrar\u00e1 la soluci\u00f3n que es buena para todos.<\/p><p>A trav\u00e9s de las Constelaciones Familiares lograr\u00e1s restablecer el orden, la reconciliaci\u00f3n y el flujo del amor en el sistema familiar, tomando todo como es, con humildad y respeto.<\/p>\t\t\t\t\t\t\t\t<\/div>\n\t\t\t\t<\/div>\n\t\t\t\t\t<\/div>\n\t\t<\/div>\n\t\t\t\t<div class=\"aux-parallax-section elementor-column elementor-col-50 elementor-top-column elementor-element elementor-element-adf6aa0\" data-id=\"adf6aa0\" data-element_type=\"column\" data-e-type=\"column\">\n\t\t\t<div class=\"elementor-widget-wrap elementor-element-populated\">\n\t\t\t\t\t\t<div class=\"elementor-element elementor-element-94d31f3 elementor-widget elementor-widget-image\" data-id=\"94d31f3\" data-element_type=\"widget\" data-e-type=\"widget\" data-widget_type=\"image.default\">\n\t\t\t\t<div class=\"elementor-widget-container\">\n\t\t\t\t\t\t\t\t\t\t\t\t\t\t\t<img fetchpriority=\"high\" decoding=\"async\" width=\"1024\" height=\"658\" src=\"https:\/\/constelacionesfamiliaresla.com\/site\/wp-content\/uploads\/2024\/08\/terapia-1024x658.jpg\" class=\"attachment-large size-large wp-image-743\" alt=\"\" srcset=\"https:\/\/constelacionesfamiliaresla.com\/site\/wp-content\/uploads\/2024\/08\/terapia-1024x658.jpg 1024w, https:\/\/constelacionesfamiliaresla.com\/site\/wp-content\/uploads\/2024\/08\/terapia-280x180.jpg 280w\" sizes=\"(max-width: 1024px) 100vw, 1024px\" \/>\t\t\t\t\t\t\t\t\t\t\t\t\t\t\t<\/div>\n\t\t\t\t<\/div>\n\t\t\t\t\t<\/div>\n\t\t<\/div>\n\t\t\t\t\t<\/div>\n\t\t<\/section>\n\t\t\t\t<section class=\"elementor-section elementor-top-section elementor-element elementor-element-d4ad05b elementor-section-boxed elementor-section-height-default elementor-section-height-default\" data-id=\"d4ad05b\" data-element_type=\"section\" data-e-type=\"section\">\n\t\t\t\t\t\t<div class=\"elementor-container elementor-column-gap-default\">\n\t\t\t\t\t<div class=\"aux-parallax-section elementor-column elementor-col-100 elementor-top-column elementor-element elementor-element-d6f0917\" data-id=\"d6f0917\" data-element_type=\"column\" data-e-type=\"column\">\n\t\t\t<div class=\"elementor-widget-wrap elementor-element-populated\">\n\t\t\t\t\t\t<div class=\"elementor-element elementor-element-963ae88 elementor-widget elementor-widget-heading\" data-id=\"963ae88\" data-element_type=\"widget\" data-e-type=\"widget\" data-widget_type=\"heading.default\">\n\t\t\t\t<div class=\"elementor-widget-container\">\n\t\t\t\t\t<h2 class=\"elementor-heading-title elementor-size-default\">\u00bfQu\u00e9 temas se abordan en las Constelaciones Grupales?<\/h2>\t\t\t\t<\/div>\n\t\t\t\t<\/div>\n\t\t\t\t<div class=\"elementor-element elementor-element-18dab7d elementor-widget elementor-widget-text-editor\" data-id=\"18dab7d\" data-element_type=\"widget\" data-e-type=\"widget\" data-widget_type=\"text-editor.default\">\n\t\t\t\t<div class=\"elementor-widget-container\">\n\t\t\t\t\t\t\t\t\t<p style=\"text-align: center;\">Estos son s\u00f3lo algunos ejemplos de lo que puedes transformar en un Taller de Constelaciones Familiares.\u00a0<\/p>\t\t\t\t\t\t\t\t<\/div>\n\t\t\t\t<\/div>\n\t\t\t\t\t<\/div>\n\t\t<\/div>\n\t\t\t\t\t<\/div>\n\t\t<\/section>\n\t\t\t\t<section class=\"elementor-section elementor-top-section elementor-element elementor-element-eadc4a4 elementor-section-boxed elementor-section-height-default elementor-section-height-default\" data-id=\"eadc4a4\" data-element_type=\"section\" data-e-type=\"section\">\n\t\t\t\t\t\t<div class=\"elementor-container elementor-column-gap-default\">\n\t\t\t\t\t<div class=\"aux-parallax-section elementor-column elementor-col-33 elementor-top-column elementor-element elementor-element-3b9a816\" data-id=\"3b9a816\" data-element_type=\"column\" data-e-type=\"column\">\n\t\t\t<div class=\"elementor-widget-wrap elementor-element-populated\">\n\t\t\t\t\t\t<div class=\"elementor-element elementor-element-1a4239d elementor-widget elementor-widget-text-editor\" data-id=\"1a4239d\" data-element_type=\"widget\" data-e-type=\"widget\" data-widget_type=\"text-editor.default\">\n\t\t\t\t<div class=\"elementor-widget-container\">\n\t\t\t\t\t\t\t\t\t<ul><li class=\"gp-component gp-component-id-296eLSHx2D\" tabindex=\"0\" data-gp-dnd=\"\" data-gp-style=\"\" data-gp-component=\"list-icon\" data-gp-component-id=\"296eLSHx2D\"><div class=\"gp-text-container gp-component gp-component-id-b0xfRrZsHn\" data-gp-style=\"\" data-gp-text=\"\" data-gp-component-id=\"b0xfRrZsHn\" data-gp-component=\"null\"><p class=\"gp-component-id-7iUNWVpArr\">Disfunciones familiares<\/p><\/div><\/li><li class=\"gp-component gp-component-id-TzJB_plSiq\" tabindex=\"0\" data-gp-dnd=\"\" data-gp-style=\"\" data-gp-component=\"list-icon\" data-gp-component-id=\"TzJB_plSiq\"><div class=\"gp-text-container gp-component gp-component-id-CMTErtuGQ4\" data-gp-style=\"\" data-gp-text=\"\" data-gp-component-id=\"CMTErtuGQ4\" data-gp-component=\"null\"><p class=\"gp-component-id-YTOn6AE0mE\">Problemas de pareja<\/p><\/div><\/li><li class=\"gp-component gp-component-id-S0AhX1hCN6\" tabindex=\"0\" data-gp-dnd=\"\" data-gp-style=\"\" data-gp-component=\"list-icon\" data-gp-component-id=\"S0AhX1hCN6\"><div class=\"gp-text-container gp-component gp-component-id-vB7o9K9lvb\" data-gp-style=\"\" data-gp-text=\"\" data-gp-component-id=\"vB7o9K9lvb\" data-gp-component=\"null\"><p class=\"gp-component-id-uN58CEHVJx\">Hijos con problemas<\/p><\/div><\/li><li class=\"gp-component gp-component-id-I890caW9Kqu\" tabindex=\"0\" data-gp-dnd=\"\" data-gp-style=\"\" data-gp-component=\"list-icon\" data-gp-component-id=\"I890caW9Kqu\"><div class=\"gp-text-container gp-component gp-component-id-76818EC0kZT\" data-gp-style=\"\" data-gp-text=\"\" data-gp-component-id=\"76818EC0kZT\" data-gp-component=\"null\"><p class=\"gp-component-id-Mz2Oj_aVNwB\">Hijos no reconocidos<\/p><\/div><\/li><li class=\"gp-component gp-component-id-t4lPDr3MnoN\" tabindex=\"0\" data-gp-dnd=\"\" data-gp-style=\"\" data-gp-component=\"list-icon\" data-gp-component-id=\"t4lPDr3MnoN\"><div class=\"gp-text-container gp-component gp-component-id-MUkz6Ior0qM\" data-gp-style=\"\" data-gp-text=\"\" data-gp-component-id=\"MUkz6Ior0qM\" data-gp-component=\"null\"><p class=\"gp-component-id-6kVQGB6QMdl\">P\u00e9rdidas econ\u00f3micas<\/p><\/div><\/li><li class=\"gp-component gp-component-id-Zx8fugWBFvs\" tabindex=\"0\" data-gp-dnd=\"\" data-gp-style=\"\" data-gp-component=\"list-icon\" data-gp-component-id=\"Zx8fugWBFvs\"><div class=\"gp-text-container gp-component gp-component-id-eQJkeKkEKRl\" data-gp-style=\"\" data-gp-text=\"\" data-gp-component-id=\"eQJkeKkEKRl\" data-gp-component=\"null\"><p class=\"gp-component-id-lnmFQZzm1Mo\">Falta de reconocimiento laboral<\/p><\/div><\/li><\/ul>\t\t\t\t\t\t\t\t<\/div>\n\t\t\t\t<\/div>\n\t\t\t\t\t<\/div>\n\t\t<\/div>\n\t\t\t\t<div class=\"aux-parallax-section elementor-column elementor-col-33 elementor-top-column elementor-element elementor-element-57ebdfc\" data-id=\"57ebdfc\" data-element_type=\"column\" data-e-type=\"column\">\n\t\t\t<div class=\"elementor-widget-wrap elementor-element-populated\">\n\t\t\t\t\t\t<div class=\"elementor-element elementor-element-6e679a2 elementor-widget elementor-widget-text-editor\" data-id=\"6e679a2\" data-element_type=\"widget\" data-e-type=\"widget\" data-widget_type=\"text-editor.default\">\n\t\t\t\t<div class=\"elementor-widget-container\">\n\t\t\t\t\t\t\t\t\t<ul><li class=\"gp-component gp-component-id-NuxED_mGAu8\" tabindex=\"0\" data-gp-dnd=\"\" data-gp-style=\"\" data-gp-component=\"list-icon\" data-gp-component-id=\"NuxED_mGAu8\"><div class=\"gp-text-container gp-component gp-component-id-x6pXbWjJEKX\" data-gp-style=\"\" data-gp-text=\"\" data-gp-component-id=\"x6pXbWjJEKX\" data-gp-component=\"null\"><p class=\"gp-component-id-O20qJQ31t4Q\">Duelos por abortos<\/p><\/div><\/li><li class=\"gp-component gp-component-id-SPrCW4qCWU6\" tabindex=\"0\" data-gp-dnd=\"\" data-gp-style=\"\" data-gp-component=\"list-icon\" data-gp-component-id=\"SPrCW4qCWU6\"><div class=\"gp-text-container gp-component gp-component-id-de5500cXepL\" data-gp-style=\"\" data-gp-text=\"\" data-gp-component-id=\"de5500cXepL\" data-gp-component=\"null\"><p class=\"gp-component-id-nsqV1AeS1oH\">P\u00e9rdida de seres queridos<\/p><\/div><\/li><li class=\"gp-component gp-component-id-3i2O1gbI50G\" tabindex=\"0\" data-gp-dnd=\"\" data-gp-style=\"\" data-gp-component=\"list-icon\" data-gp-component-id=\"3i2O1gbI50G\"><div class=\"gp-text-container gp-component gp-component-id-fGo3A5xp_SG\" data-gp-style=\"\" data-gp-text=\"\" data-gp-component-id=\"fGo3A5xp_SG\" data-gp-component=\"null\"><p class=\"gp-component-id-TnvNCPkqOFc\">Enfermedades<\/p><\/div><\/li><li class=\"gp-component gp-component-id-DuNfv80D8rx\" tabindex=\"0\" data-gp-dnd=\"\" data-gp-style=\"\" data-gp-component=\"list-icon\" data-gp-component-id=\"DuNfv80D8rx\"><div class=\"gp-text-container gp-component gp-component-id-UqebAg7n0Cl\" data-gp-style=\"\" data-gp-text=\"\" data-gp-component-id=\"UqebAg7n0Cl\" data-gp-component=\"null\"><p class=\"gp-component-id-45slJYs_ohY\">Divorcio<\/p><\/div><\/li><li class=\"gp-component gp-component-id-0IJ4FBsSEkH\" tabindex=\"0\" data-gp-dnd=\"\" data-gp-style=\"\" data-gp-component=\"list-icon\" data-gp-component-id=\"0IJ4FBsSEkH\"><div class=\"gp-text-container gp-component gp-component-id-Jt96hQrWRIV\" data-gp-style=\"\" data-gp-text=\"\" data-gp-component-id=\"Jt96hQrWRIV\" data-gp-component=\"null\"><p class=\"gp-component-id-Vbzpq6SydbT\">Dificultad para encontrar trabajo<\/p><\/div><\/li><li class=\"gp-component gp-component-id-ALCCdppLtG9\" tabindex=\"0\" data-gp-dnd=\"\" data-gp-style=\"\" data-gp-component=\"list-icon\" data-gp-component-id=\"ALCCdppLtG9\"><div class=\"gp-text-container gp-component gp-component-id-VZeFZirFASh\" data-gp-style=\"\" data-gp-text=\"\" data-gp-component-id=\"VZeFZirFASh\" data-gp-component=\"null\"><p class=\"gp-component-id-emdtKjUpxGd\">Problemas en el trabajo<\/p><\/div><\/li><\/ul>\t\t\t\t\t\t\t\t<\/div>\n\t\t\t\t<\/div>\n\t\t\t\t\t<\/div>\n\t\t<\/div>\n\t\t\t\t<div class=\"aux-parallax-section elementor-column elementor-col-33 elementor-top-column elementor-element elementor-element-b52cd7f\" data-id=\"b52cd7f\" data-element_type=\"column\" data-e-type=\"column\">\n\t\t\t<div class=\"elementor-widget-wrap elementor-element-populated\">\n\t\t\t\t\t\t<div class=\"elementor-element elementor-element-730e882 elementor-widget elementor-widget-text-editor\" data-id=\"730e882\" data-element_type=\"widget\" data-e-type=\"widget\" data-widget_type=\"text-editor.default\">\n\t\t\t\t<div class=\"elementor-widget-container\">\n\t\t\t\t\t\t\t\t\t<ul><li class=\"gp-component gp-component-id-5qfuGy99Pco\" tabindex=\"0\" data-gp-dnd=\"\" data-gp-style=\"\" data-gp-component=\"list-icon\" data-gp-component-id=\"5qfuGy99Pco\"><div class=\"gp-text-container gp-component gp-component-id-Uj54grJNP5\" data-gp-style=\"\" data-gp-text=\"\" data-gp-component-id=\"Uj54grJNP5\" data-gp-component=\"null\"><p class=\"gp-component-id-VbXvgIrbgR\">Ni\u00f1os hiperactivos<\/p><\/div><\/li><li class=\"gp-component gp-component-id-9y6P61afy0\" tabindex=\"0\" data-gp-dnd=\"\" data-gp-style=\"\" data-gp-component=\"list-icon\" data-gp-component-id=\"9y6P61afy0\"><div class=\"gp-text-container gp-component gp-component-id-n85Q583iSp\" data-gp-style=\"\" data-gp-text=\"\" data-gp-component-id=\"n85Q583iSp\" data-gp-component=\"null\"><p class=\"gp-component-id-bDiOqRvM8d\">Adopciones<\/p><\/div><\/li><li class=\"gp-component gp-component-id-zowTmufzvV\" tabindex=\"0\" data-gp-dnd=\"\" data-gp-style=\"\" data-gp-component=\"list-icon\" data-gp-component-id=\"zowTmufzvV\"><div class=\"gp-text-container gp-component gp-component-id-B001NxVQAf\" data-gp-style=\"\" data-gp-text=\"\" data-gp-component-id=\"B001NxVQAf\" data-gp-component=\"null\"><p class=\"gp-component-id-bdzrfdVg5S\">Accidentes<\/p><\/div><\/li><li class=\"gp-component gp-component-id-a3A2NO1FZc\" tabindex=\"0\" data-gp-dnd=\"\" data-gp-style=\"\" data-gp-component=\"list-icon\" data-gp-component-id=\"a3A2NO1FZc\"><div class=\"gp-text-container gp-component gp-component-id-oIJetbTlfo\" data-gp-style=\"\" data-gp-text=\"\" data-gp-component-id=\"oIJetbTlfo\" data-gp-component=\"null\"><p class=\"gp-component-id-2r5r1rE0iC\">Dificultad para encontrar pareja<\/p><\/div><\/li><li class=\"gp-component gp-component-id-Du6P_izMQQ\" tabindex=\"0\" data-gp-dnd=\"\" data-gp-style=\"\" data-gp-component=\"list-icon\" data-gp-component-id=\"Du6P_izMQQ\"><div class=\"gp-text-container gp-component gp-component-id-eX_1Qgv5_Kw\" data-gp-style=\"\" data-gp-text=\"\" data-gp-component-id=\"eX_1Qgv5_Kw\" data-gp-component=\"null\"><p class=\"gp-component-id-QSyZSsm2mwv\">Dificultad para conseguir dinero<\/p><\/div><\/li><li class=\"gp-component gp-component-id-YlNGZWowvf5\" tabindex=\"0\" data-gp-dnd=\"\" data-gp-style=\"\" data-gp-component=\"list-icon\" data-gp-component-id=\"YlNGZWowvf5\"><div class=\"gp-text-container gp-component gp-component-id-B0WXUSLtSiH\" data-gp-style=\"\" data-gp-text=\"\" data-gp-component-id=\"B0WXUSLtSiH\" data-gp-component=\"null\"><p class=\"gp-component-id-Tj6vQU89V2l\">Problemas en la escuela<\/p><\/div><\/li><\/ul>\t\t\t\t\t\t\t\t<\/div>\n\t\t\t\t<\/div>\n\t\t\t\t\t<\/div>\n\t\t<\/div>\n\t\t\t\t\t<\/div>\n\t\t<\/section>\n\t\t\t\t<section class=\"elementor-section elementor-top-section elementor-element elementor-element-509cc91 elementor-section-stretched elementor-section-boxed elementor-section-height-default elementor-section-height-default\" data-id=\"509cc91\" data-element_type=\"section\" data-e-type=\"section\" data-settings=\"{&quot;stretch_section&quot;:&quot;section-stretched&quot;,&quot;background_background&quot;:&quot;classic&quot;}\">\n\t\t\t\t\t\t<div class=\"elementor-container elementor-column-gap-default\">\n\t\t\t\t\t<div class=\"aux-parallax-section elementor-column elementor-col-100 elementor-top-column elementor-element elementor-element-7f94ccb\" data-id=\"7f94ccb\" data-element_type=\"column\" data-e-type=\"column\">\n\t\t\t<div class=\"elementor-widget-wrap elementor-element-populated\">\n\t\t\t\t\t\t<div class=\"elementor-element elementor-element-c8ad1bd elementor-widget elementor-widget-heading\" data-id=\"c8ad1bd\" data-element_type=\"widget\" data-e-type=\"widget\" data-widget_type=\"heading.default\">\n\t\t\t\t<div class=\"elementor-widget-container\">\n\t\t\t\t\t<h2 class=\"elementor-heading-title elementor-size-default\">\u00bfC\u00f3mo son las Constelaciones Familiares?<\/h2>\t\t\t\t<\/div>\n\t\t\t\t<\/div>\n\t\t\t\t<section class=\"elementor-section elementor-inner-section elementor-element elementor-element-f655b47 elementor-section-boxed elementor-section-height-default elementor-section-height-default\" data-id=\"f655b47\" data-element_type=\"section\" data-e-type=\"section\">\n\t\t\t\t\t\t<div class=\"elementor-container elementor-column-gap-default\">\n\t\t\t\t\t<div class=\"aux-parallax-section elementor-column elementor-col-50 elementor-inner-column elementor-element elementor-element-1b3dc1d\" data-id=\"1b3dc1d\" data-element_type=\"column\" data-e-type=\"column\">\n\t\t\t<div class=\"elementor-widget-wrap elementor-element-populated\">\n\t\t\t\t\t\t<div class=\"elementor-element elementor-element-fea6d9e elementor-widget elementor-widget-heading\" data-id=\"fea6d9e\" data-element_type=\"widget\" data-e-type=\"widget\" data-widget_type=\"heading.default\">\n\t\t\t\t<div class=\"elementor-widget-container\">\n\t\t\t\t\t<h2 class=\"elementor-heading-title elementor-size-default\">Selecci\u00f3n y delimitaci\u00f3n del tema<\/h2>\t\t\t\t<\/div>\n\t\t\t\t<\/div>\n\t\t\t\t<div class=\"elementor-element elementor-element-2a5cc88 elementor-widget elementor-widget-text-editor\" data-id=\"2a5cc88\" data-element_type=\"widget\" data-e-type=\"widget\" data-widget_type=\"text-editor.default\">\n\t\t\t\t<div class=\"elementor-widget-container\">\n\t\t\t\t\t\t\t\t\t<p>Elige el tema o situaci\u00f3n que quieres resolver. Juntos, delimitaremos los elementos importantes que representaremos en la Constelaci\u00f3n.<\/p>\t\t\t\t\t\t\t\t<\/div>\n\t\t\t\t<\/div>\n\t\t\t\t\t<\/div>\n\t\t<\/div>\n\t\t\t\t<div class=\"aux-parallax-section elementor-column elementor-col-50 elementor-inner-column elementor-element elementor-element-d653d15\" data-id=\"d653d15\" data-element_type=\"column\" data-e-type=\"column\">\n\t\t\t<div class=\"elementor-widget-wrap elementor-element-populated\">\n\t\t\t\t\t\t<div class=\"elementor-element elementor-element-de1e257 elementor-widget elementor-widget-heading\" data-id=\"de1e257\" data-element_type=\"widget\" data-e-type=\"widget\" data-widget_type=\"heading.default\">\n\t\t\t\t<div class=\"elementor-widget-container\">\n\t\t\t\t\t<h2 class=\"elementor-heading-title elementor-size-default\">Representantes<\/h2>\t\t\t\t<\/div>\n\t\t\t\t<\/div>\n\t\t\t\t<div class=\"elementor-element elementor-element-bc0cb88 elementor-widget elementor-widget-text-editor\" data-id=\"bc0cb88\" data-element_type=\"widget\" data-e-type=\"widget\" data-widget_type=\"text-editor.default\">\n\t\t\t\t<div class=\"elementor-widget-container\">\n\t\t\t\t\t\t\t\t\t<p>Asignaremos roles a los participantes en la Constelaci\u00f3n. Ellos no tendr\u00e1n informaci\u00f3n acerca de la persona que representar\u00e1n y, a veces, tampoco de la situaci\u00f3n por resolver.<\/p>\t\t\t\t\t\t\t\t<\/div>\n\t\t\t\t<\/div>\n\t\t\t\t\t<\/div>\n\t\t<\/div>\n\t\t\t\t\t<\/div>\n\t\t<\/section>\n\t\t\t\t<section class=\"elementor-section elementor-inner-section elementor-element elementor-element-0f571d1 elementor-section-boxed elementor-section-height-default elementor-section-height-default\" data-id=\"0f571d1\" data-element_type=\"section\" data-e-type=\"section\">\n\t\t\t\t\t\t<div class=\"elementor-container elementor-column-gap-default\">\n\t\t\t\t\t<div class=\"aux-parallax-section elementor-column elementor-col-50 elementor-inner-column elementor-element elementor-element-9dd68d5\" data-id=\"9dd68d5\" data-element_type=\"column\" data-e-type=\"column\">\n\t\t\t<div class=\"elementor-widget-wrap elementor-element-populated\">\n\t\t\t\t\t\t<div class=\"elementor-element elementor-element-68b82df elementor-widget elementor-widget-heading\" data-id=\"68b82df\" data-element_type=\"widget\" data-e-type=\"widget\" data-widget_type=\"heading.default\">\n\t\t\t\t<div class=\"elementor-widget-container\">\n\t\t\t\t\t<h2 class=\"elementor-heading-title elementor-size-default\">Observador<\/h2>\t\t\t\t<\/div>\n\t\t\t\t<\/div>\n\t\t\t\t<div class=\"elementor-element elementor-element-f775700 elementor-widget elementor-widget-text-editor\" data-id=\"f775700\" data-element_type=\"widget\" data-e-type=\"widget\" data-widget_type=\"text-editor.default\">\n\t\t\t\t<div class=\"elementor-widget-container\">\n\t\t\t\t\t\t\t\t\t<p>Te colocar\u00e1s fuera del campo para observar los movimientos que empezar\u00e1n a suceder.<\/p>\t\t\t\t\t\t\t\t<\/div>\n\t\t\t\t<\/div>\n\t\t\t\t\t<\/div>\n\t\t<\/div>\n\t\t\t\t<div class=\"aux-parallax-section elementor-column elementor-col-50 elementor-inner-column elementor-element elementor-element-83f4a83\" data-id=\"83f4a83\" data-element_type=\"column\" data-e-type=\"column\">\n\t\t\t<div class=\"elementor-widget-wrap elementor-element-populated\">\n\t\t\t\t\t\t<div class=\"elementor-element elementor-element-5a54b05 elementor-widget elementor-widget-heading\" data-id=\"5a54b05\" data-element_type=\"widget\" data-e-type=\"widget\" data-widget_type=\"heading.default\">\n\t\t\t\t<div class=\"elementor-widget-container\">\n\t\t\t\t\t<h2 class=\"elementor-heading-title elementor-size-default\">Movimientos en el sistema<\/h2>\t\t\t\t<\/div>\n\t\t\t\t<\/div>\n\t\t\t\t<div class=\"elementor-element elementor-element-ea54a26 elementor-widget elementor-widget-text-editor\" data-id=\"ea54a26\" data-element_type=\"widget\" data-e-type=\"widget\" data-widget_type=\"text-editor.default\">\n\t\t\t\t<div class=\"elementor-widget-container\">\n\t\t\t\t\t\t\t\t\t<p>El facilitador le har\u00e1 preguntas a los representantes. Sus respuestas pueden consistir en cambiar de lugar, de posici\u00f3n, emociones, dolores, cambios de temperatura de su cuerpo y m\u00e1s.Asignaremos roles a los participantes en la Constelaci\u00f3n. Ellos no tendr\u00e1n informaci\u00f3n acerca de la persona que representar\u00e1n y, a veces, tampoco de la situaci\u00f3n por resolver.<\/p>\t\t\t\t\t\t\t\t<\/div>\n\t\t\t\t<\/div>\n\t\t\t\t\t<\/div>\n\t\t<\/div>\n\t\t\t\t\t<\/div>\n\t\t<\/section>\n\t\t\t\t<section class=\"elementor-section elementor-inner-section elementor-element elementor-element-4a22669 elementor-section-boxed elementor-section-height-default elementor-section-height-default\" data-id=\"4a22669\" data-element_type=\"section\" data-e-type=\"section\">\n\t\t\t\t\t\t<div class=\"elementor-container elementor-column-gap-default\">\n\t\t\t\t\t<div class=\"aux-parallax-section elementor-column elementor-col-50 elementor-inner-column elementor-element elementor-element-1f34fd7\" data-id=\"1f34fd7\" data-element_type=\"column\" data-e-type=\"column\">\n\t\t\t<div class=\"elementor-widget-wrap elementor-element-populated\">\n\t\t\t\t\t\t<div class=\"elementor-element elementor-element-7ef2385 elementor-widget elementor-widget-heading\" data-id=\"7ef2385\" data-element_type=\"widget\" data-e-type=\"widget\" data-widget_type=\"heading.default\">\n\t\t\t\t<div class=\"elementor-widget-container\">\n\t\t\t\t\t<h2 class=\"elementor-heading-title elementor-size-default\">Diagn\u00f3stico<\/h2>\t\t\t\t<\/div>\n\t\t\t\t<\/div>\n\t\t\t\t<div class=\"elementor-element elementor-element-9c10dff elementor-widget elementor-widget-text-editor\" data-id=\"9c10dff\" data-element_type=\"widget\" data-e-type=\"widget\" data-widget_type=\"text-editor.default\">\n\t\t\t\t<div class=\"elementor-widget-container\">\n\t\t\t\t\t\t\t\t\t<p>Con esta informaci\u00f3n, el facilitador interpretar\u00e1 y har\u00e1 un diagn\u00f3stico de los \u00f3rdenes alterados que observa en t\u00fa sistema.<\/p>\t\t\t\t\t\t\t\t<\/div>\n\t\t\t\t<\/div>\n\t\t\t\t\t<\/div>\n\t\t<\/div>\n\t\t\t\t<div class=\"aux-parallax-section elementor-column elementor-col-50 elementor-inner-column elementor-element elementor-element-aa58509\" data-id=\"aa58509\" data-element_type=\"column\" data-e-type=\"column\">\n\t\t\t<div class=\"elementor-widget-wrap elementor-element-populated\">\n\t\t\t\t\t\t<div class=\"elementor-element elementor-element-afd7eb3 elementor-widget elementor-widget-heading\" data-id=\"afd7eb3\" data-element_type=\"widget\" data-e-type=\"widget\" data-widget_type=\"heading.default\">\n\t\t\t\t<div class=\"elementor-widget-container\">\n\t\t\t\t\t<h2 class=\"elementor-heading-title elementor-size-default\">Hacia la transformaci\u00f3n<\/h2>\t\t\t\t<\/div>\n\t\t\t\t<\/div>\n\t\t\t\t<div class=\"elementor-element elementor-element-43faee8 elementor-widget elementor-widget-text-editor\" data-id=\"43faee8\" data-element_type=\"widget\" data-e-type=\"widget\" data-widget_type=\"text-editor.default\">\n\t\t\t\t<div class=\"elementor-widget-container\">\n\t\t\t\t\t\t\t\t\t<p>Podr\u00e1s entonces participar represent\u00e1ndote a ti mismo. El facilitador se dirigir\u00e1 a algunos representantes con frases cortas de sanaci\u00f3n. Con ellas generar\u00e1 un nuevo movimiento y podremos identificar v\u00edas de resoluci\u00f3n.<\/p>\t\t\t\t\t\t\t\t<\/div>\n\t\t\t\t<\/div>\n\t\t\t\t\t<\/div>\n\t\t<\/div>\n\t\t\t\t\t<\/div>\n\t\t<\/section>\n\t\t\t\t\t<\/div>\n\t\t<\/div>\n\t\t\t\t\t<\/div>\n\t\t<\/section>\n\t\t\t\t<\/div>\n\t\t","protected":false},"excerpt":{"rendered":"<p>Constelaciones Grupales \u00bfQu\u00e9 son las Constelaciones Familiares? Son una herramienta que revela tu relaci\u00f3n con tu sistema familiar. A trav\u00e9s del movimiento de la energ\u00eda del sistema (representado por participantes voluntarios) en conexi\u00f3n con algo m\u00e1s grande, se obtienen evidencias de las relaciones e intrincaciones que mantienes con tu familia y que son la causa [&hellip;]<\/p>\n","protected":false},"author":1,"featured_media":0,"parent":0,"menu_order":0,"comment_status":"closed","ping_status":"closed","template":"","meta":{"footnotes":""},"class_list":["post-675","page","type-page","status-publish","hentry"],"_links":{"self":[{"href":"https:\/\/constelacionesfamiliaresla.com\/site\/wp-json\/wp\/v2\/pages\/675","targetHints":{"allow":["GET"]}}],"collection":[{"href":"https:\/\/constelacionesfamiliaresla.com\/site\/wp-json\/wp\/v2\/pages"}],"about":[{"href":"https:\/\/constelacionesfamiliaresla.com\/site\/wp-json\/wp\/v2\/types\/page"}],"author":[{"embeddable":true,"href":"https:\/\/constelacionesfamiliaresla.com\/site\/wp-json\/wp\/v2\/users\/1"}],"replies":[{"embeddable":true,"href":"https:\/\/constelacionesfamiliaresla.com\/site\/wp-json\/wp\/v2\/comments?post=675"}],"version-history":[{"count":55,"href":"https:\/\/constelacionesfamiliaresla.com\/site\/wp-json\/wp\/v2\/pages\/675\/revisions"}],"predecessor-version":[{"id":1246,"href":"https:\/\/constelacionesfamiliaresla.com\/site\/wp-json\/wp\/v2\/pages\/675\/revisions\/1246"}],"wp:attachment":[{"href":"https:\/\/constelacionesfamiliaresla.com\/site\/wp-json\/wp\/v2\/media?parent=675"}],"curies":[{"name":"wp","href":"https:\/\/api.w.org\/{rel}","templated":true}]}}